90039377.
3, 163346459
What are the prime factors of 7257292998?
2, 3, 37, 3257, 10037
List the prime factors of 267755047.
7, 61, 163, 3847
What are the prime factors of 1846167938?
2, 17, 59, 920323
What are the prime factors of 2380788737?
2380788737
What are the prime factors of 55406051?
73, 758987
What are the prime factors of 31214581?
73, 427597
What are the prime factors of 41089200?
2, 3, 5, 97, 353
What are the prime factors of 28999659?
3, 13, 397, 1873
What are the prime factors of 825167738?
2, 11317, 36457
What are the prime factors of 336661809?
3, 11, 84313
List the prime factors of 8347323672.
2, 3, 38645017
List the prime factors of 6752473.
7, 13, 74203
What are the prime factors of 120705997?
120705997
List the prime factors of 48770019.
3, 602099
What are the prime factors of 207606916?
2, 11, 4718339
What are the prime factors of 15712399?
15712399
List the prime factors of 1203336677.
1203336677
What are the prime factors of 3303598824?
2, 3, 31, 493369
List the prime factors of 500088809.
11, 5303, 8573
List the prime factors of 1361920510.
2, 5, 43, 3167257
List the prime factors of 29008870.
2, 5, 11, 31, 47, 181
List the prime factors of 22110000.
2, 3, 5, 11, 67
What are the prime factors of 224132370?
2, 3, 5, 7, 11, 83, 167
What are the prime factors of 377561693?
377561693
What are the prime factors of 30888940?
2, 5, 127, 12161
What are the prime factors of 390915423?
3, 14478349
List the prime factors of 1028236197.
3, 342745399
What are the prime factors of 4173041134?
2, 151, 13818017
What are the prime factors of 44336876?
2, 1753, 6323
List the prime factors of 361269363.
3, 7, 13, 17, 19, 241
What are the prime factors of 105451144?
2, 13181393
What are the prime factors of 94340022?
2, 3, 7, 43, 52237
List the prime factors of 902476491.
3, 7, 29, 1481899
List the prime factors of 500312850.
2, 3, 5, 61, 54679
List the prime factors of 98872060.
2, 5, 7, 706229
List the prime factors of 924936900.
2, 3, 5, 61, 50543
List the prime factors of 15471857.
61, 253637
What are the prime factors of 2350405464?
2, 3, 11, 37, 240623
What are the prime factors of 872530039?
872530039
List the prime factors of 2984407118.
2, 7, 11, 19379267
List the prime factors of 213515674.
2, 83, 1286239
What are the prime factors of 67663071?
3, 7, 71, 2161
What are the prime factors of 79714004?
2, 41, 486061
List the prime factors of 73290878.
2, 36645439
What are the prime factors of 128872640?
2, 5, 13, 2383
List the prime factors of 2796616577.
211, 13254107
What are the prime factors of 206225823?
3, 68741941
List the prime factors of 253168367.
47, 5386561
What are the prime factors of 4654434535?
5, 930886907
What are the prime factors of 35588005?
5, 317, 22453
What are the prime factors of 386648245?
5, 41, 107, 17627
What are the prime factors of 1704601115?
5, 7, 48702889
List the prime factors of 561823113.
3, 187274371
What are the prime factors of 943663?
7, 113, 1193
What are the prime factors of 1459267306?
2, 7, 104233379
List the prime factors of 35225935.
5, 271, 25997
List the prime factors of 1512876859.
13, 7577, 15359
What are the prime factors of 58343?
41, 1423
What are the prime factors of 49073319?
3, 5452591
What are the prime factors of 1364184481?
11, 31, 4000541
List the prime factors of 1376742223.
19, 43, 1685119
What are the prime factors of 437812039?
7, 31, 2017567
What are the prime factors of 128631966?
2, 3, 1367, 15683
List the prime factors of 1882375277.
19, 179, 293, 1889
What are the prime factors of 695542271?
269, 2585659
List the prime factors of 7798467228.
2, 3, 649872269
List the prime factors of 74784635.
5, 373, 40099
List the prime factors of 206354549.
43, 109, 44027
List the prime factors of 152119921.
1901, 80021
What are the prime factors of 15350471?
2027, 7573
List the prime factors of 1440912324.
2, 3, 1933, 62119
What are the prime factors of 956389758?
2, 3, 67, 2379079
What are the prime factors of 187235566?
2, 7, 1910567
List the prime factors of 1095558900.
2, 3, 5, 37, 229, 431
What are the prime factors of 91036246?
2, 7, 43, 97, 1559
What are the prime factors of 28856341?
1373, 21017
List the prime factors of 75482774.
2, 157, 421, 571
List the prime factors of 75497267.
5791, 13037
What are the prime factors of 500980074?
2, 3, 7, 37, 8713
What are the prime factors of 2906859339?
3, 107661457
List the prime factors of 48940174.
2, 24470087
What are the prime factors of 105328368?
2, 3, 731447
List the prime factors of 2113890873.
3, 704630291
List the prime factors of 458586988.
2, 499, 229753
List the prime factors of 6351424807.
7, 13, 69795877
List the prime factors of 19708601.
11, 162881
What are the prime factors of 127787902?
2, 11, 5808541
List the prime factors of 67036020.
2, 3, 5, 1117267
List the prime factors of 131080013.
17, 23, 523, 641
List the prime factors of 4019911597.
13, 587, 709, 743
What are the prime factors of 106039700?
2, 5, 13, 81569
What are the prime factors of 4103884340?
2, 5, 41, 53, 89, 1061
What are the prime factors of 344928813?
3, 29, 3964699
List the prime factors of 1009390560.
2, 3, 5, 2102897
List the prime factors of 28489595.
5, 5697919
What are the prime factors of 5693370051?
3, 47, 40378511
What are the prime factors of 39296586?
2, 3, 7, 179, 5227
List the prime factors of 34129939.
34129939
List the prime factors of 142437820.
2, 5, 7, 173, 5881
List the prime factors of 129957468.
2, 3, 29, 37, 10093
List the prime factors of 120439894.
2, 60219947
List the prime factors of 3734374863.
3, 29, 1013, 42373
What are the prime factors of 119476383?
3, 13, 3063497
List the prime factors of 595731327.
3, 389, 510481
What are the prime factors of 113986633?
113986633
What are the prime factors of 1268998709?
11, 115363519
List the prime factors of 251225140.
2, 5, 12561257
What are the prime factors of 426318553?
127, 839, 4001
What are the prime factors of 1143686357?
11, 97, 1071871
List the prime factors of 128363328.
2, 3, 17, 13109
List the prime factors of 1329722334.
2, 3, 19, 67, 58031
List the prime factors of 159272846.
2, 317, 251219
List the prime factors of 7093201.
7093201
What are the prime factors of 1557789569?
7, 997, 223211
List the prime factors of 161744813.
47, 3441379
What are the prime factors of 709033450?
2, 5, 17, 19, 43, 1021
List the prime factors of 226926468.
2, 3, 1087, 1933
What are the prime factors of 427733958?
2, 3, 3391, 21023
List the prime factors of 919353645.
3, 5, 7, 139, 2333
List the prime factors of 42291772.
2, 10572943
What are the prime factors of 1521803783?
61, 24947603
List the prime factors of 3326553999.
3, 17, 829, 26227
What are the prime factors of 16900918?
2, 19, 47, 9463
List the prime factors of 345045005.
5, 17, 97, 41849
What are the prime factors of 911503063?
53, 17198171
What are the prime factors of 1945490475?
3, 5, 25939873
List the prime factors of 14718516.
2, 3, 211, 5813
What are the prime factors of 2269005073?
10223, 221951
List the prime factors of 1990015764.
2, 3, 11, 257, 58661
What are the prime factors of 46547648?
2, 7, 14843
What are the prime factors of 662116424?
2, 73, 277, 4093
List the prime factors of 720468394.
2, 167, 2157091
What are the prime factors of 2125581138?
2, 3, 719, 164239
List the prime factors of 70707114.
2, 3, 17, 77023
List the prime factors of 54415306.
2, 11, 2473423
What are the prime factors of 158091985?
5, 1447, 21851
List the prime factors of 3131303887.
3131303887
What are the prime factors of 16404375?
3, 5, 13, 673
What are the prime factors of 6967730622?
2, 3, 1161288437
What are the prime factors of 13611799?
73, 199, 937
What are the prime factors of 7425704?
2, 11, 13, 6491
List the prime factors of 2197578286.
2, 23, 1987, 24043
List the prime factors of 78026003.
11, 644843
List the prime factors of 151338568.
2, 18917321
What are the prime factors of 472059306?
2, 3, 8741839
What are the prime factors of 2231143049?
103, 21661583
What are the prime factors of 754875845?
5, 73, 709, 2917
What are the prime factors of 539051064?
2, 3, 31, 724531
List the prime factors of 89598144.
2, 3, 439, 1063
What are the prime factors of 6460214?
2, 29, 31, 3593
What are the prime factors of 6842